{"id":39287,"date":"2022-03-17T12:08:48","date_gmt":"2022-03-17T11:08:48","guid":{"rendered":"https:\/\/mbaluminium.hu\/mb-line-pergola\/"},"modified":"2022-03-17T12:08:48","modified_gmt":"2022-03-17T11:08:48","slug":"mb-line-pergola","status":"publish","type":"product","link":"https:\/\/mbaluminium.hu\/hu\/mb-line-pergola\/","title":{"rendered":"MB line - Pergola"},"content":{"rendered":"<h2><strong>Eg\u00e9sz\u00edtse ki kertj\u00e9t egy pergola lombkoron\u00e1val<\/strong><\/h2>\n<p>Amikor az emberek a pergola el\u0151tet\u0151re gondolnak, gyorsan a napf\u00e9ny t\u00e1voltart\u00e1s\u00e1ra gondolnak. Term\u00e9szetesen ez az egyik funkci\u00f3ja egy ilyen el\u0151tet\u0151nek, de nem az egyetlen. Emellett egy v\u00e9dett helyet is l\u00e9trehoz, \u00e9s v\u00edz\u00e1ll\u00f3. \u00c9lvezi a kertet, de hirtelen elkezd esni az es\u0151? Akkor egyszer\u0171en meghosszabb\u00edthatja a pergol\u00e1t. \u00cdgy nem kell sietnie, hogy mindent behozzon, \u00e9s tov\u00e1bbra is \u00e9lvezheti a szabadban val\u00f3 tart\u00f3zkod\u00e1st.     <\/p>\n<h2><strong>Egy sz\u00e9p, v\u00e9dett hely<\/strong><\/h2>\n<p>A pergola term\u00e9szetesen egy sz\u00e9p, v\u00e9dett helyet is biztos\u00edt. Ez sz\u00e1mos el\u0151nnyel j\u00e1r. A mag\u00e1n\u00e9let\u00e9t valamivel jobban v\u00e9di, \u00e9s azonnal hangulatos \u00e9rz\u00e9st is biztos\u00edt. K\u00fcl\u00f6n\u00f6sen akkor ide\u00e1lis, ha forgalmas lak\u00f3\u00f6vezetben \u00e9l. A mag\u00e1n\u00e9let t\u00f6bb\u00e9 nem okoz gondot. Sz\u00e9pen v\u00e9dett, de val\u00f3j\u00e1ban sz\u00fcks\u00e9ge van egy kis napra? Szint\u00e9n nem probl\u00e9ma. A m\u00e9retre szabott harmonikasz\u00f6vet\u00fcnkkel egyszer\u0171en (r\u00e9szben) kinyithatja, \u00edgy a napsugarak tov\u00e1bbra is bejuthatnak. B\u00e1rmelyik ir\u00e1nyba mehet.        <\/p>\n<h2><strong>V\u00e1lassza ki az ide\u00e1lis pergola el\u0151tet\u0151t<\/strong><\/h2>\n<p>Term\u00e9szetesen sz\u00e1mos lehet\u0151s\u00e9ge van, ha pergola napellenz\u0151r\u0151l van sz\u00f3. A pergola napellenz\u0151 teljesen szem\u00e9lyre szabhat\u00f3, teljesen az \u00d6n ig\u00e9nyeihez igaz\u00edthat\u00f3. P\u00e9ld\u00e1ul k\u00fcl\u00f6nb\u00f6z\u0151 alum\u00edniumsz\u00ednek k\u00f6z\u00fcl v\u00e1laszthat. Tov\u00e1bbi inform\u00e1ci\u00f3k\u00e9rt k\u00e9rj\u00fck, l\u00e9pjen kapcsolatba vel\u00fcnk. A m\u00e9reteket is teljesen \u00d6n hat\u00e1rozza meg. Szinte b\u00e1rmi lehets\u00e9ges. V\u00e9g\u00fcl pedig k\u00fcl\u00f6nb\u00f6z\u0151 harmonikasz\u00f6vetek k\u00f6z\u00fcl v\u00e1laszthat. Minden sz\u00f6vetfajt\u00e1nak megvannak a maga el\u0151nyei, \u00e9s term\u00e9szetesen a saj\u00e1t megjelen\u00e9se is.       <\/p>","protected":false},"excerpt":{"rendered":"<p><span class=\"brz-cp-color7\">A pergola tetej\u00e9vel mindig \u00e9lvezheti kertj\u00e9t. Nem csak akkor, amikor s\u00fct a nap, hanem akkor is, amikor esik az es\u0151, egy pergola tet\u0151 mindig j\u00f3 v\u00e1laszt\u00e1s. A pergola tet\u0151 ide\u00e1lis hely a kertben, ahol le\u00fclhet, pihenhet, olvashat vagy ehet. Nemcsak saj\u00e1t mag\u00e1nak, hanem akkor is, ha bar\u00e1taival vagy csal\u00e1dj\u00e1val van. Az MB Veranda pergola tet\u0151teraszai teljess\u00e9 teszik kertj\u00e9t! Tekintse meg a pergola el\u0151tet\u0151ket az MB Veranda webshopj\u00e1ban, \u00e9s rendelje meg azonnal.     <\/span><\/p>","protected":false},"featured_media":0,"template":"","meta":{"inline_featured_image":false,"site-sidebar-layout":"default","site-content-layout":"default","ast-site-content-layout":"default","site-content-style":"default","site-sidebar-style":"default","ast-global-header-display":"","ast-banner-title-visibility":"","ast-main-header-display":"","ast-hfb-above-header-display":"","ast-hfb-below-header-display":"","ast-hfb-mobile-header-display":"","site-post-title":"","ast-breadcrumbs-content":"","ast-featured-img":"","footer-sml-layout":"","ast-disable-related-posts":"","theme-transparent-header-meta":"default","adv-header-id-meta":"","stick-header-meta":"default","header-above-stick-meta":"","header-main-stick-meta":"","header-below-stick-meta":"","astra-migrate-meta-layouts":"default","ast-page-background-enabled":"default","ast-page-background-meta":{"desktop":{"background-color":"","background-image":"","background-repeat":"repeat","background-position":"center center","background-size":"auto","background-attachment":"scroll","background-type":"","background-media":"","overlay-type":"","overlay-color":"","overlay-opacity":"","overlay-gradient":""},"tablet":{"background-color":"","background-image":"","background-repeat":"repeat","background-position":"center center","background-size":"auto","background-attachment":"scroll","background-type":"","background-media":"","overlay-type":"","overlay-color":"","overlay-opacity":"","overlay-gradient":""},"mobile":{"background-color":"","background-image":"","background-repeat":"repeat","background-position":"center center","background-size":"auto","background-attachment":"scroll","background-type":"","background-media":"","overlay-type":"","overlay-color":"","overlay-opacity":"","overlay-gradient":""}},"ast-content-background-meta":{"desktop":{"background-color":"var(--ast-global-color-5)","background-image":"","background-repeat":"repeat","background-position":"center center","background-size":"auto","background-attachment":"scroll","background-type":"","background-media":"","overlay-type":"","overlay-color":"","overlay-opacity":"","overlay-gradient":""},"tablet":{"background-color":"var(--ast-global-color-5)","background-image":"","background-repeat":"repeat","background-position":"center center","background-size":"auto","background-attachment":"scroll","background-type":"","background-media":"","overlay-type":"","overlay-color":"","overlay-opacity":"","overlay-gradient":""},"mobile":{"background-color":"var(--ast-global-color-5)","background-image":"","background-repeat":"repeat","background-position":"center center","background-size":"auto","background-attachment":"scroll","background-type":"","background-media":"","overlay-type":"","overlay-color":"","overlay-opacity":"","overlay-gradient":""}}},"product_brand":[],"product_cat":[221],"product_tag":[],"class_list":{"0":"post-39287","1":"product","2":"type-product","3":"status-publish","5":"product_cat-pergolas","6":"product_shipping_class-delivery","7":"desktop-align-left","8":"tablet-align-left","9":"mobile-align-left","10":"ast-product-gallery-layout-horizontal","11":"ast-product-gallery-with-no-image","12":"ast-product-tabs-layout-horizontal","14":"first","15":"instock","16":"taxable","17":"shipping-taxable","18":"purchasable","19":"product-type-simple"},"brizy_media":[],"_links":{"self":[{"href":"https:\/\/mbaluminium.hu\/hu\/wp-json\/wp\/v2\/product\/39287","targetHints":{"allow":["GET"]}}],"collection":[{"href":"https:\/\/mbaluminium.hu\/hu\/wp-json\/wp\/v2\/product"}],"about":[{"href":"https:\/\/mbaluminium.hu\/hu\/wp-json\/wp\/v2\/types\/product"}],"wp:attachment":[{"href":"https:\/\/mbaluminium.hu\/hu\/wp-json\/wp\/v2\/media?parent=39287"}],"wp:term":[{"taxonomy":"product_brand","embeddable":true,"href":"https:\/\/mbaluminium.hu\/hu\/wp-json\/wp\/v2\/product_brand?post=39287"},{"taxonomy":"product_cat","embeddable":true,"href":"https:\/\/mbaluminium.hu\/hu\/wp-json\/wp\/v2\/product_cat?post=39287"},{"taxonomy":"product_tag","embeddable":true,"href":"https:\/\/mbaluminium.hu\/hu\/wp-json\/wp\/v2\/product_tag?post=39287"}],"curies":[{"name":"wp","href":"https:\/\/api.w.org\/{rel}","templated":true}]}}

<h2><strong>Egészítse ki kertjét egy pergola lombkoronával</strong></h2>
<p>Amikor az emberek a pergola előtetőre gondolnak, gyorsan a napfény távoltartására gondolnak. Természetesen ez az egyik funkciója egy ilyen előtetőnek, de nem az egyetlen. Emellett egy védett helyet is létrehoz, és vízálló. Élvezi a kertet, de hirtelen elkezd esni az eső? Akkor egyszerűen meghosszabbíthatja a pergolát. Így nem kell sietnie, hogy mindent behozzon, és továbbra is élvezheti a szabadban való tartózkodást.     </p>
<h2><strong>Egy szép, védett hely</strong></h2>
<p>A pergola természetesen egy szép, védett helyet is biztosít. Ez számos előnnyel jár. A magánéletét valamivel jobban védi, és azonnal hangulatos érzést is biztosít. Különösen akkor ideális, ha forgalmas lakóövezetben él. A magánélet többé nem okoz gondot. Szépen védett, de valójában szüksége van egy kis napra? Szintén nem probléma. A méretre szabott harmonikaszövetünkkel egyszerűen (részben) kinyithatja, így a napsugarak továbbra is bejuthatnak. Bármelyik irányba mehet.        </p>
<h2><strong>Válassza ki az ideális pergola előtetőt</strong></h2>
<p>Természetesen számos lehetősége van, ha pergola napellenzőről van szó. A pergola napellenző teljesen személyre szabható, teljesen az Ön igényeihez igazítható. Például különböző alumíniumszínek közül választhat. További információkért kérjük, lépjen kapcsolatba velünk. A méreteket is teljesen Ön határozza meg. Szinte bármi lehetséges. Végül pedig különböző harmonikaszövetek közül választhat. Minden szövetfajtának megvannak a maga előnyei, és természetesen a saját megjelenése is.       </p>

<p><span class="brz-cp-color7">A pergola tetejével mindig élvezheti kertjét. Nem csak akkor, amikor süt a nap, hanem akkor is, amikor esik az eső, egy pergola tető mindig jó választás. A pergola tető ideális hely a kertben, ahol leülhet, pihenhet, olvashat vagy ehet. Nemcsak saját magának, hanem akkor is, ha barátaival vagy családjával van. Az MB Veranda pergola tetőteraszai teljessé teszik kertjét! Tekintse meg a pergola előtetőket az MB Veranda webshopjában, és rendelje meg azonnal.     </span></p>
